1
Let x(z) = -3*z**3 + 29*z**2 - 21*z + 13. Calculate x(9).
-14
Let a(u) = -u**3 + 35*u**2 - 68*u + 59. What is a(33)?
-7
Let v(f) = f**2 - 95*f - 255. Give v(98).
39
Let g(o) = -2*o**3 - 10*o**2 - 14*o - 55. What is g(-5)?
15
Let m(r) = 2*r**3 - 96*r**2 - 303*r - 152. Determine m(51).
1
Let d(r) = -r**3 - 43*r**2 - 190*r + 59. Determine d(-38).
59
Let x(s) = 61*s + 2050. Give x(-33).
37
Let x(j) = j**2 - 86*j + 436. Calculate x(5).
31
Let h(f) = f**3 + 7*f**2 - f + 14. What is h(0)?
14
Let w(y) = y**3 - 61*y**2 - 268*y + 529. Calculate w(65).
9
Let x(g) = g**3 - 12*g**2 - 14*g + 52. Give x(13).
39
Let t(r) = 64*r**2 - 2*r + 6. Calculate t(2).
258
Let r(v) = v**3 + 6*v**2 - 71*v - 21. Determine r(-12).
-33
Let s(m) = -162*m + 22518. Give s(139).
0
Let s(g) = -g**2 + 171*g + 1622. Give s(-9).
2
Let q(x) = -x**3 - 16*x**2 - 53*x + 31. Give q(-10).
-39
Let h(f) = -12*f - 271. Determine h(13).
-427
Let i(n) = 13*n - 114. Give i(5).
-49
Let o(p) = 112*p + 19714. Calculate o(-176).
2
Let i(d) = -117*d - 2928. Give i(-25).
-3
Let d(w) = 53*w - 344. Calculate d(9).
133
Let c(t) = 12*t - 178. Give c(10).
-58
Let i(m) = m**3 + 49*m**2 + 50*m + 72. What is i(-48)?
-24
Let x(l) = 931*l**2 + 59*l + 57. Determine x(-1).
929
Let o(u) = 4*u + 52. What is o(-22)?
-36
Let b(n) = 25*n**3 - 79*n**2 + 14*n + 2. What is b(3)?
8
Let h(x) = 149*x + 477. What is h(-6)?
-417
Let u(x) = -5805*x + 75472. Determine u(13).
7
Let f(o) = 2*o**2 + 208*o - 653. Determine f(-107).
-11
Let k(w) = -115*w**3 - 6*w + 4. What is k(1)?
-117
Let r(a) = -a**3 - 9*a**2 + 55*a + 45. Calculate r(-13).
6
Let j(x) = -4*x**2 - 26*x - 51. Give j(-8).
-99
Let m(g) = -g**2 + 166*g + 2151. Determine m(-12).
15
Let g(i) = i**2 + 43. Calculate g(15).
268
Let k(a) = -1694*a + 49119. Determine k(29).
-7
Let q(y) = 10*y**3 - 46*y**2 - 8*y + 38. Calculate q(5).
98
Let g(s) = -s**2 - 18*s - 203. What is g(-22)?
-291
Let m(j) = 1439*j - 8613. What is m(6)?
21
Let r(q) = -3*q + 74. Give r(-35).
179
Let t(r) = 7*r**3 + 14*r**2 + 64*r - 6. Give t(-4).
-486
Let w(c) = -2*c**3 - 40*c**2 + 193*c + 27. Calculate w(-24).
3
Let t(h) = 11*h**3 - 10*h**2 + 10*h - 3. Calculate t(1).
8
Let k(d) = -5*d**2 - 42*d - 44. Calculate k(-1).
-7
Let p(i) = -80*i - 8814. Give p(-110).
-14
Let z(d) = 2081*d + 12482. Give z(-6).
-4
Let d(o) = -79*o + 1308. What is d(16)?
44
Let j(x) = 296*x + 555. Give j(-2).
-37
Let f(v) = -v**3 - 21*v**2 - 2*v + 14. Give f(-21).
56
Let g(x) = -41*x - 243. What is g(-6)?
3
Let r(v) = 7*v**2 + 62*v - 16. Calculate r(-9).
-7
Let u(z) = 14*z + 22. Determine u(-9).
-104
Let h(n) = n**3 - 14*n**2 - 58*n + 117. Determine h(17).
-2
Let c(r) = -r**3 - 190*r**2 - 1621*r + 1458. Calculate c(-181).
10
Let f(x) = 2*x**2 + 90*x + 93. What is f(-44)?
5
Let y(a) = -2*a**2 + 217*a - 2353. Calculate y(97).
-122
Let q(k) = 2*k**3 - 32*k**2 - 155*k - 44. Determine q(19).
-823
Let n(c) = -c**3 + 31*c**2 - 241*c + 76. Calculate n(18).
-50
Let x(y) = -19*y**2 - 5. Calculate x(2).
-81
Let j(w) = 2*w**3 - 19*w**2 - 33*w + 16. Determine j(11).
16
Let l(f) = -f**3 - 69*f**2 + 50*f - 1402. What is l(-70)?
-2
Let f(g) = g**3 - 11*g**2 - 65*g - 16. Calculate f(15).
-91
Let a(o) = 10*o + 211. What is a(-24)?
-29
Let f(r) = -r**2 + 85*r - 614. Calculate f(77).
2
Let k(v) = v**3 - 23*v**2 + 16*v + 69. What is k(22)?
-63
Let s(v) = -v**3 - 51*v**2 + 76*v + 1238. Calculate s(-52).
-10
Let s(v) = 62*v + 1731. Give s(-28).
-5
Let f(n) = 9*n - 390. Calculate f(16).
-246
Let s(n) = -2*n**3 - 20*n**2 + 42*n + 10. Give s(-12).
82
Let m(x) = 1005*x + 6024. Calculate m(-6).
-6
Let w(z) = -15*z - 1632. Give w(-109).
3
Let q(k) = 3*k**3 + 15*k**2 - 6*k - 58. Calculate q(-4).
14
Let n(t) = -49*t - 348. Calculate n(-8).
44
Let p(z) = 115*z - 513. Calculate p(8).
407
Let k(n) = -n**3 + 8*n**2 + 26*n - 75. Give k(10).
-15
Let k(y) = -95*y**2 + 369*y + 53. Give k(4).
9
Let q(k) = 36*k**2 + 8781*k - 691. Determine q(-244).
41
Let t(q) = 22*q - 1204. Calculate t(59).
94
Let s(c) = 15*c**2 - 13*c + 4. What is s(2)?
38
Let d(l) = 3*l**2 - 34*l - 160. Calculate d(15).
5
Let g(r) = r**2 - 104*r - 893. Give g(-8).
3
Let r(z) = 29*z + 202. Give r(-8).
-30
Let w(q) = -26*q - 529. Calculate w(-20).
-9
Let u(r) = 7*r**3 - 8*r**2 - r - 3. Give u(4).
313
Let z(c) = -c**3 + 13*c**2 + 39*c + 22. Give z(15).
157
Let b(n) = -36*n + 2272. What is b(63)?
4
Let a(w) = w**3 - w**2 - 23*w + 79. Calculate a(3).
28
Let o(w) = -8*w + 58. What is o(17)?
-78
Let n(o) = -2*o**2 - 135*o - 998. What is n(-8)?
-46
Let a(t) = -4*t**2 - 19*t + 26. Give a(-6).
-4
Let n(t) = 2*t**2 + 19037*t - 19036. Calculate n(1).
3
Let m(w) = 6*w**2 + 14*w + 9. What is m(-8)?
281
Let a(d) = 8*d**3 - 67*d**2 + 72*d + 21. Determine a(7).
-14
Let c(h) = -h**3 + 28*h**2 + 90*h + 114. Give c(31).
21
Let g(x) = -2*x**3 - 22*x**2 + 26*x + 76. Give g(-12).
52
Let t(q) = 258*q + 531. What is t(-3)?
-243
Let y(v) = -2*v**3 + 8*v**2 - 4*v - 4. What is y(0)?
-4
Let b(m) = -m**2 - 14*m - 30. Determine b(-5).
15
Let c(t) = -4*t**3 - 11*t**2 - 8*t - 33. Give c(-3).
0
Let p(k) = 112*k - 811. Calculate p(-5).
-1371
Let c(t) = -t**3 + 36*t**2 - 122*t + 753. Give c(33).
-6
Let c(f) = -3*f**2 + 15*f + 118. What is c(-8)?
-194
Let i(w) = 364*w + 2320. What is i(-6)?
136
Let z(s) = -13*s**3 - 10*s**2 + s. What is z(1)?
-22
Let d(h) = 3*h**3 + 308*h**2 - 412*h - 20. Calculate d(-104).
-436
Let k(n) = 497*n + 54178. Determine k(-109).
5
Let p(g) = -2*g**3 - 4*g**2 + 22*g - 39. What is p(4)?
-143
Let j(g) = 3*g**3 - 249*g**2 + 3*g - 242. Determine j(83).
7
Let s(a) = -55*a + 4791. Calculate s(87).
6
Let j(y) = -y**3 + 30*y**2 - 168*y + 25. Determine j(7).
-24
Let y(l) = -37*l - 370. Calculate y(-8).
-74
Let p(q) = 54*q**3 + q**2 + q - 2. Give p(1).
54
Let y(f) = -f**2 + 64*f + 997. Calculate y(-13).
-4
Let j(p) = 538*p + 6438. Determine j(-12).
-18
Let n(k) = 32*k - 591. Give n(19).
17
Let q(l) = 153*l - 404. Determine q(3).
55
Let k(o) = 114*o - 4451. Determine k(39).
-5
Let y(q) = 2*q**2 + 148*q + 42. Determine y(0).
42
Let c(k) = -k**3 - 104*k**2 - 2702*k - 99. Determine c(-54).
9
Let a(p) = -2*p**3 + 12*p**2 + 8*p + 43. Give a(7).
1
Let v(t) = -8*t**2 - 224*t - 44. Determine v(-27).
172
Let g(c) = -c**2 + 22*c - 43. What is g(12)?
77
Let c(b) = -4*b**2 + 41*b - 14. What is c(12)?
-98
Let q(c) = 310*c**2 + 2174*c + 22. What is q(-7)?
-6
Let b(y) = -320*y - 1265. What is b(-4)?
15
Let r(k) = -12*k**2 - 28*k + 15. What is r(-3)?
-9
Let r(k) = 33*k - 1929. What is r(64)?
183
Let c(o) = 561*o + 2848. Calculate c(-5).
43
Let t(p) = -p**2 + 3*p + 344. Give t(33).
-646
Let w(h) = 6*h**2 + 2*h + 1. Give w(-1).
5
Let x(h) = 10*h + 81. Determine x(-5).
31
Let f(c) = -c + 55. Calculate f(106).
-51
Let t(d) = 45*d**2 - 136*d + 2. Determine t(3).
-1
Let x(s) = -20*s**2 + 37*s - 38. What is x(1)?
-21
Let y(z) = 2*z**2 + 10*z + 194. Give y(-11).
326
Let f(v) = -45*v + 1610. Determine f(36).
-10
Let f(g) = -8299*g + 82995. Calculate f(10).
5
Let r(x) = -5*x**3 + 60*x - 109. Give r(2).
-29
Let r(h) = -91*h + 6. Give r(0).
6
Let i(h) = -11*h**2 + 59*h - 9. Calculate i(5).
11
Let f(j) = 20*j**2 - 1426*j + 427. Calculate f(71).
1
Let r(v) = -23*v**2 - 25*v + 75. Give r(-4).
-193
Let w(l) = l**3 - 2*l**2 + 8*l - 9. Determine w(4).
55
Let j(k) = -k**2 + 1588*k - 45209. Determine j(29).
2
Let x(y) = -34*y - 1821. Give x(-52).
-53
Let g(j) = -j**3 + 136*j**2 - 1595*j - 485. Calculate g(123).
7
Let z(h) = 18*h**3 + 2*h**2 + 3*h - 4. What is z(1)?
19
Let i(n) = -407*n + 72849. Calculate i(179).
-4
Let g(x) = -12*x + 6. Calculate g(19).
-222
Let b(t) = t**3 - 45*t**2 + 133*t - 105. Determine b(42).
189
Let b(x) = -3*x**2 + 143*x + 568. What is b(-4)?
-52
Let c(d) = -994*d - 15902. Determine c(-16).
2
Let l(j) = j**3 - 5*j**2 + 37*j - 237. What is l(7)?
120
Let g(p) = -p**2 - 34*p - 65. Determine g(-32).
-1
Let c(j) = 2*j**2 - 26*j + 26. Determine c(1).
2
Let g(u) = -44*u**2 - 10*u - 9. Give g(-3).
-375
Let c(h) = -29*h - 295. Determine c(-12).
53
Let x(f) = 65*f + 13. Determine x(-1).
-52
Let n(v) = 6*v**2 - 28*v - 8. Determine n(4).
-24
Let h(o) = -38*o + 2202. Give h(56).
74
Let k(o) = -o**3 - 23*o**2 + 4*o + 75. Determine k(-22).
-497
Let q(k) = 59*k - 7851. What is q(133)?
-4
Let s(c) = 10*c - 239. What is s(33)?
91
Let h(k) = -